{"id":67,"date":"2025-03-05T15:35:24","date_gmt":"2025-03-05T15:35:24","guid":{"rendered":"https:\/\/www.msfteh.org\/nursinfor25\/?page_id=67"},"modified":"2025-04-23T07:00:02","modified_gmt":"2025-04-23T07:00:02","slug":"program","status":"publish","type":"page","link":"https:\/\/www.msfteh.org\/nursinfor25\/program\/","title":{"rendered":"Program"},"content":{"rendered":"<h4 style=\"text-align: center;\">April 24-26, 2025<\/h4>\n<table>\n<tbody>\n<tr>\n<td colspan=\"3\" width=\"701\"><strong>THURSDAY, April 24, 2025<\/strong><\/td>\n<\/tr>\n<tr>\n<td colspan=\"2\" width=\"142\"><strong>08.30<\/strong><\/td>\n<td width=\"559\">Welcome and Registration<\/td>\n<\/tr>\n<tr>\n<td colspan=\"2\" width=\"142\"><strong>Morning<\/strong><\/td>\n<td width=\"559\"><strong>Master Class (MC)<\/strong><\/td>\n<\/tr>\n<tr>\n<td colspan=\"2\" width=\"142\"><strong>10.00 &#8211; 12.30<\/strong><\/td>\n<td width=\"559\"><strong>MC I: Metaverse for Nursing Training<\/strong><\/p>\n<p><strong>Chair : Pr. N. Al Idrissi\/ Dr. M. Mghari (EngiMA)<\/strong><\/td>\n<\/tr>\n<tr>\n<td colspan=\"2\" width=\"142\"><strong>13.00 &#8211; 14h30<\/strong><\/td>\n<td width=\"559\"><strong>MC II: Artificial Intelligence for Nursing <\/strong><\/p>\n<p><strong>Chair : <\/strong><strong>Pr. H. Sedrati \/ A. Azami Idrissi<\/strong><\/td>\n<\/tr>\n<tr>\n<td colspan=\"2\" width=\"142\"><\/td>\n<td width=\"559\"><\/td>\n<\/tr>\n<tr>\n<td colspan=\"2\" width=\"142\"><strong>Afternoon<\/strong><\/td>\n<td width=\"559\"><strong>Master Class \/ B2B<\/strong><\/td>\n<\/tr>\n<tr>\n<td colspan=\"2\" width=\"142\"><strong>15.00 &#8211; 16.30<\/strong><\/td>\n<td width=\"559\"><strong>SW2: Role of Metagenomics in Nursing<\/strong><\/p>\n<p><strong>Chair : Pr. N. Zaid\/ Pr. O. El Brini\/ Zakia Boudar\/Soumaya Jbara<\/strong><\/td>\n<\/tr>\n<tr>\n<td colspan=\"2\" width=\"142\"><strong>16.30 &#8211; 17.30<\/strong><\/td>\n<td width=\"559\">B2B Session : Moderator : <strong>Pr. Chaik<\/strong><\/p>\n<p><strong>Pr. Alami\/Pr. Chaouf \/ Pr. Ait Zaouiat\/ Pr. Kayyali<\/strong><\/td>\n<\/tr>\n<tr>\n<td colspan=\"3\" width=\"701\"><\/td>\n<\/tr>\n<tr>\n<td colspan=\"3\" width=\"701\"><strong>Evening<\/strong><\/td>\n<\/tr>\n<tr>\n<td width=\"73\"><strong>18.00<\/strong><\/td>\n<td colspan=\"2\" width=\"627\">Opening Ceremony \u2013 <strong>Chairs: Pr. Nabil Zaid\/ Pr. Hicham Chatoui<\/strong><\/td>\n<\/tr>\n<tr>\n<td colspan=\"3\" width=\"701\">\u25aa\u00a0\u00a0\u00a0\u00a0\u00a0\u00a0\u00a0\u00a0\u00a0 <strong>His Excellency Minister of Health and Social Protection<\/strong><\/p>\n<p>\u25aa\u00a0\u00a0\u00a0\u00a0\u00a0\u00a0\u00a0\u00a0\u00a0 <strong>Mme Houda Akbour, <\/strong>Director, ISPITS, Rabat<\/p>\n<p>\u25aa\u00a0\u00a0\u00a0\u00a0\u00a0\u00a0\u00a0\u00a0\u00a0 <strong>Mr. Hassan SAKHI, <\/strong>Pr\u00e9sident, Chambre de Commerce, d\u2019Industrie et<\/p>\n<p>de Services de la R\u00e9gion de Rabat-Sal\u00e9-K\u00e9nitra (CCIS-RSK).<\/p>\n<p>\u25aa\u00a0\u00a0\u00a0\u00a0\u00a0\u00a0\u00a0\u00a0\u00a0 <strong>Pr. Hassan Ghazal, <\/strong>Conference coChair<\/p>\n<p>\u25aa\u00a0\u00a0\u00a0\u00a0\u00a0\u00a0\u00a0\u00a0\u00a0 <strong>Mr. Frederic Lievens<\/strong>, General Secretary, ISfTeH<\/p>\n<p>\u25aa\u00a0\u00a0\u00a0\u00a0\u00a0\u00a0\u00a0\u00a0\u00a0 <strong>Pr. Ezziyyani Mostafa, <\/strong>President, Foundation Innovation Tech Transfer<\/p>\n<p>\u25aa\u00a0\u00a0\u00a0\u00a0\u00a0\u00a0\u00a0\u00a0\u00a0 <strong>Pr. Sriyani Padmalatha<\/strong>, Chair, ISfTeH\/WK Nursing Informatics<\/p>\n<p>\u25aa\u00a0\u00a0\u00a0\u00a0\u00a0\u00a0\u00a0\u00a0\u00a0 <strong>Pr. Francesco Sicurello<\/strong>, President, Euromed Med Inform &amp; Telem Ass<\/p>\n<p>\u25aa\u00a0\u00a0\u00a0\u00a0\u00a0\u00a0\u00a0\u00a0\u00a0 <strong>Dr. Samir Kaddar<\/strong>, President, Moroccan Physicians Abroad (C3M)<\/p>\n<p>\u25aa\u00a0\u00a0\u00a0\u00a0\u00a0\u00a0\u00a0\u00a0\u00a0 <strong>Pr. Wajih Rhalem<\/strong>, President, Moroccan Society of Digital Health<\/p>\n<p>\u25aa\u00a0\u00a0\u00a0\u00a0\u00a0\u00a0\u00a0\u00a0\u00a0 <strong>Pr. C E. Ait Zaouiat<\/strong>, Moroccan Society of Telemedicine &amp; eHealth<\/p>\n<p>\u25aa\u00a0\u00a0\u00a0\u00a0\u00a0\u00a0\u00a0\u00a0\u00a0 <strong>Pr. Najib Al Idrissi, <\/strong>Gen. Sec, Moroccan Society of Digital Health<\/td>\n<\/tr>\n<tr>\n<td colspan=\"2\" width=\"142\"><strong>18.30 &#8211; 18.40<\/strong><\/td>\n<td width=\"559\">Agreement Signing Ceremony<\/td>\n<\/tr>\n<tr>\n<td colspan=\"2\" width=\"142\"><strong>18.40 &#8211; 19.30<\/strong><\/td>\n<td width=\"559\">Opening Session\u2013 <strong>Chairs : Pr. Himmi \/ Pr. Al Idrissi<\/strong><\/td>\n<\/tr>\n<tr>\n<td colspan=\"3\" width=\"701\"><strong>OpS1: Pr. Pirkko Kouri: <\/strong>Building Digital Health Nursing: Strategies Needed<\/p>\n<p><strong>OpS2: Pr. Asmae Chaik: <\/strong>Hackathon result<\/p>\n<p><strong>OpS3 : Pr. Fatima Ouasmani &amp; Pr. Sofia El Yahyaoui <\/strong>: Experience Sharing<\/td>\n<\/tr>\n<tr>\n<td colspan=\"2\" width=\"142\"><strong>19.30<\/strong><\/td>\n<td width=\"559\"><strong>Reception<\/strong><\/td>\n<\/tr>\n<tr>\n<td colspan=\"3\" width=\"701\"><strong>\u00a0<\/strong><br \/>\n<strong>FRIDAY, April 25, 2025, Morning<\/strong><\/td>\n<\/tr>\n<tr>\n<td colspan=\"2\" width=\"142\"><strong>Session I<\/strong><\/td>\n<td width=\"559\"><strong>Digital Health for Nursing: General Overview<\/strong><\/td>\n<\/tr>\n<tr>\n<td colspan=\"2\" width=\"142\"><strong>09.00 &#8211; 11.00<\/strong><\/td>\n<td width=\"559\">Keynote Session 1 <strong>\u2013 Chairs : Pr. Merzouki\/ Pr. <\/strong><strong>Filali \/ Pr. M. Laatifi<\/strong><\/td>\n<\/tr>\n<tr>\n<td colspan=\"2\" width=\"142\"><strong>09.00 &#8211; 09.30<\/strong><\/td>\n<td width=\"559\"><strong>KS1: Pr. Pirkko Kouri: <\/strong>Competences Needed in Digital Nursing<\/td>\n<\/tr>\n<tr>\n<td colspan=\"2\" width=\"142\"><strong>09.30 &#8211; 10.00<\/strong><\/td>\n<td width=\"559\"><strong>KS2: Pr. Sriyani Padmalatha: <\/strong>Role and Responsibility of Telenursing and Midwifery Working Group at ISfTeH<\/td>\n<\/tr>\n<tr>\n<td colspan=\"2\" width=\"142\"><strong>10.00 &#8211; 10.30<\/strong><\/td>\n<td width=\"559\"><strong>KS3: Pr. Raquel El Yahyaoui Macias: <\/strong>Enhancing Newborn Screening Through Nursing Leadership and Digital Health Integration<\/td>\n<\/tr>\n<tr>\n<td colspan=\"2\" width=\"142\"><strong>10.30 &#8211; 11.00<\/strong><\/td>\n<td width=\"559\"><strong>Coffee Break<\/strong><\/td>\n<\/tr>\n<\/tbody>\n<\/table>\n<table>\n<tbody>\n<tr>\n<td width=\"142\"><strong>Session II<\/strong><\/td>\n<td width=\"559\"><strong>AI, IoT, HIS, and EMRs for nursing<\/strong><\/td>\n<\/tr>\n<tr>\n<td width=\"142\"><strong>11.00 &#8211; 12.30<\/strong><\/td>\n<td width=\"559\">Keynote Session 2 \u2013 <strong>Chairs : Pr. W. Rhalem\/Pr. CE. Ait Zaouiat \/Pr.<\/strong><\/p>\n<p><strong>K. Fahsi<\/strong><\/td>\n<\/tr>\n<tr>\n<td width=\"142\"><strong>11.00 &#8211; 11.30<\/strong><\/td>\n<td width=\"559\"><strong>KS4: Pr. Sriyani Padmalatha: <\/strong>Nurses&#8217; Engagement in Addressing<\/p>\n<p>Barriers and Integrating AI in EMR in Acute Care<\/td>\n<\/tr>\n<tr>\n<td width=\"142\"><strong>11.30 \u2013 12.00<\/strong><\/td>\n<td width=\"559\"><strong>KS5: Pr. Rajae Ghanimi: <\/strong>Use and Acceptability of AI by Nurses<\/td>\n<\/tr>\n<tr>\n<td width=\"142\"><strong>12.00 \u2013 12.30<\/strong><\/td>\n<td width=\"559\"><strong>KS6: Pr. Mohammed Kayyali<\/strong>: The Need of Healthcare Nursing Data Privacy Standards in Morocco<\/td>\n<\/tr>\n<tr>\n<td width=\"142\"><strong>12.30<\/strong><\/td>\n<td width=\"559\"><strong>Lunch<\/strong><\/td>\n<\/tr>\n<tr>\n<td colspan=\"2\" width=\"701\"><strong>FRIDAY, April 25, 2025, Afternoon<\/strong><\/td>\n<\/tr>\n<tr>\n<td width=\"142\"><strong>Session III<\/strong><\/td>\n<td width=\"559\">Parallel Oral Communications (PS) :<\/p>\n<p><strong>Chairs : Pr. <\/strong><strong>Ouasmani, Pr. Sedrati<\/strong><\/td>\n<\/tr>\n<tr>\n<td width=\"142\"><strong>15.00 &#8211; 16.30<\/strong><\/td>\n<td width=\"559\"><strong>PS 1 : Chairs : Pr. Sedrati\/ Pr. Ait Zaouiat\/Pr. A. Chaik<\/strong><\/td>\n<\/tr>\n<tr>\n<td width=\"142\"><\/td>\n<td width=\"559\"><strong>Machine learning, Data Analysis, and Bioinformatics in Nursing Care<\/strong><\/td>\n<\/tr>\n<tr>\n<td width=\"142\"><strong>15.00<\/strong><\/td>\n<td width=\"559\"><strong>OC1: Said Baaboul<\/strong>: Evaluation of Data Quality in the Immunization Information System in Primary Health Care Facilities<\/td>\n<\/tr>\n<tr>\n<td width=\"142\"><strong>15.15<\/strong><\/td>\n<td width=\"559\"><strong>OC2: Zakia Boudar: <\/strong>Cesarean Delivery and Diversity of the Infant Gut Microbiome<\/td>\n<\/tr>\n<tr>\n<td width=\"142\"><strong>15.30<\/strong><\/td>\n<td width=\"559\"><strong>OC3: Fatima Aslaou: <\/strong>Medical Informatics Tools for Enhanced Newborn Care in Morocco<\/td>\n<\/tr>\n<tr>\n<td width=\"142\"><strong>15.45<\/strong><\/td>\n<td width=\"559\"><strong>OC4: Youssef El-Hfira<\/strong>: Impact of AI On Nursing Education and Nurse Competencies<\/td>\n<\/tr>\n<tr>\n<td width=\"142\"><strong>16.00<\/strong><\/td>\n<td width=\"559\"><strong>OC5: Kawtar Matrab<\/strong>: Machine Learning Applications for Predicting Complications in Implantable Chamber Procedures<\/td>\n<\/tr>\n<tr>\n<td width=\"142\"><strong>16.15<\/strong><\/td>\n<td width=\"559\"><strong>OC6: Mourad El Bakkali: <\/strong>Bridging the Maternal Care Gap Through Telemedicine in Underserved Areas<\/td>\n<\/tr>\n<tr>\n<td width=\"142\"><strong>15.00 &#8211; 16.30<\/strong><\/td>\n<td width=\"559\"><strong>PS2 : Chairs : Pr. F. Ouasmani\/ Pr. H. Chatoui\/Pr. W. Rhalem<\/strong><\/td>\n<\/tr>\n<tr>\n<td width=\"142\"><\/td>\n<td width=\"559\"><strong>Technology Implementation and Integration in digital nursing<\/strong><\/td>\n<\/tr>\n<tr>\n<td width=\"142\"><strong>15.00<\/strong><\/td>\n<td width=\"559\"><strong>OC7: Mohamed Benfatah<\/strong>: Obstacles to adopting AI in nursing through a survey-based study<\/td>\n<\/tr>\n<tr>\n<td width=\"142\"><strong>15.15<\/strong><\/td>\n<td width=\"559\"><strong>OC8: Issam El Kouarty: <\/strong>Key success factors for assessing digital medical devices for telemedicine in Morocco<\/td>\n<\/tr>\n<tr>\n<td width=\"142\"><strong>15.30<\/strong><\/td>\n<td width=\"559\"><strong>OC9: Youness Nouira<\/strong>: Telemedicine to Enhance Healthcare Services at Ar-Razi Hospital in Sal\u00e9<\/td>\n<\/tr>\n<tr>\n<td width=\"142\"><strong>15.45<\/strong><\/td>\n<td width=\"559\"><strong>OC10: Jo\u00e3o Miguel Alves Ferreira<\/strong>: Burnout in Nursing in Digital Era<\/td>\n<\/tr>\n<tr>\n<td width=\"142\"><strong>16.00<\/strong><\/td>\n<td width=\"559\"><strong>OC11: Yazza Ennazii: <\/strong>Assessing Health Literacy Levels Among Nursing Students<\/td>\n<\/tr>\n<tr>\n<td width=\"142\"><strong>16.15<\/strong><\/td>\n<td width=\"559\"><strong>OC12: Chifaa Zaarat: <\/strong>Integrating AI-Driven Telenursing into Telecardiology<\/td>\n<\/tr>\n<tr>\n<td width=\"142\"><strong>16.30<\/strong><\/td>\n<td width=\"559\"><strong>Coffee Break<\/strong><\/td>\n<\/tr>\n<tr>\n<td width=\"142\"><strong>Session IV<\/strong><\/td>\n<td width=\"559\">Special session (Panel): <strong>Digital Nursing for AFRICA and Beyond<\/strong><\/td>\n<\/tr>\n<tr>\n<td width=\"142\"><strong>16.45 &#8211; 19.30<\/strong><\/td>\n<td width=\"559\"><strong>Chairs : Pr. Banacer Himmi \/Pr. <\/strong><strong>Hassan Ghazal \/ Pr. M. Belomaria<\/strong><\/td>\n<\/tr>\n<tr>\n<td width=\"142\"><strong>16.45 &#8211; 17.00<\/strong><\/td>\n<td width=\"559\"><strong>Better Health for Africa project: <\/strong>Konstantinos Antypas<\/td>\n<\/tr>\n<tr>\n<td width=\"142\"><strong>16.45 &#8211; 18.50<\/strong><\/td>\n<td width=\"559\"><strong>Country reports<\/strong><\/td>\n<\/tr>\n<tr>\n<td width=\"142\"><strong>17.00<\/strong><\/td>\n<td width=\"559\"><strong>Finland: <\/strong>Pirkko Kouri<\/td>\n<\/tr>\n<tr>\n<td width=\"142\"><strong>17.10<\/strong><\/td>\n<td width=\"559\"><strong>Norway:<\/strong> Konstantinos Antypas<\/td>\n<\/tr>\n<tr>\n<td width=\"142\"><strong>17.20<\/strong><\/td>\n<td width=\"559\"><strong>Sweden: <\/strong>Mattias Georgsson<\/td>\n<\/tr>\n<tr>\n<td width=\"142\"><strong>17.30<\/strong><\/td>\n<td width=\"559\"><strong>Spain : <\/strong>Raquel El Yahyaoui Macias<\/td>\n<\/tr>\n<tr>\n<td width=\"142\"><strong>17.40<\/strong><\/td>\n<td width=\"559\"><strong>Italy: <\/strong>Francesco Sicurello<\/td>\n<\/tr>\n<tr>\n<td width=\"142\"><strong>17.50<\/strong><\/td>\n<td width=\"559\"><strong>UAE: <\/strong>Hana Abu Sharib<\/td>\n<\/tr>\n<\/tbody>\n<\/table>\n<table>\n<tbody>\n<tr>\n<td width=\"142\"><strong>18.00<\/strong><\/td>\n<td width=\"559\"><strong>Taiwan: <\/strong>Sriyani Padmalatha<\/td>\n<\/tr>\n<tr>\n<td width=\"142\"><strong>18.10<\/strong><\/td>\n<td width=\"559\"><strong>Morocco: <\/strong>Fatima Ouasmani<\/td>\n<\/tr>\n<tr>\n<td width=\"142\"><strong>18.15 &#8211; 19:30<\/strong><\/td>\n<td width=\"559\"><strong>General Discussion: <\/strong>Building an African Telenursing Network<\/td>\n<\/tr>\n<tr>\n<td width=\"142\"><strong>20.30<\/strong><\/td>\n<td width=\"559\"><strong>Social Program 1: Social Diner (Additional Fee Required)<\/strong><\/td>\n<\/tr>\n<tr>\n<td colspan=\"2\" width=\"701\"><strong>SATURDAY, April 26, 2025<\/strong><\/td>\n<\/tr>\n<tr>\n<td width=\"142\"><strong>Session V<\/strong><\/td>\n<td width=\"559\"><strong>Digital Nursing emergency Management and telerehabilitation<\/strong><\/td>\n<\/tr>\n<tr>\n<td width=\"142\"><strong>09.00 &#8211; 13.00<\/strong><\/td>\n<td width=\"559\">Keynote Session 3 <strong>\u2013 Chairs : Pr. F. Sicurello\/Pr. R. Benbrik\/ Pr. <\/strong><strong>Zeggwagh\/ Pr. Chakhtoura<\/strong><\/td>\n<\/tr>\n<tr>\n<td width=\"142\"><strong>09.00 \u2013 09.30<\/strong><\/td>\n<td width=\"559\"><strong>KS7: Pr. Francesco Sicurello<\/strong>: Telerehabilitation for Nurses<\/td>\n<\/tr>\n<tr>\n<td width=\"142\"><strong>09.30 \u2013 10.00<\/strong><\/td>\n<td width=\"559\"><strong>KS8: Pr. Giorgia Pregnolato: <\/strong>Integration of Technologies in Healthcare System: New Opportunities from Smart Home and Building Automation Devices in Tele-Assistance and Tele- Rehabilitation<\/td>\n<\/tr>\n<tr>\n<td width=\"142\"><strong>10.00 \u2013 10.15<\/strong><\/td>\n<td width=\"559\"><strong>KS9: Pr. Najib Al Idrissi: <\/strong>Telemedicine for the Fight Against Disasters<\/td>\n<\/tr>\n<tr>\n<td width=\"142\"><strong>10.15 \u2013 10.30<\/strong><\/td>\n<td width=\"559\"><strong>KS10: Pr. Hicham Chatoui: <\/strong>Role of Nurses and Paramedics in Telenursing in Case of Earthquake Disasters<\/td>\n<\/tr>\n<tr>\n<td width=\"142\"><strong>10.30<\/strong><\/td>\n<td width=\"559\"><strong>Coffee Break<\/strong><\/td>\n<\/tr>\n<tr>\n<td width=\"142\"><strong>Session VI<\/strong><\/td>\n<td width=\"559\">Parallel Oral Communications (PS) :<\/p>\n<p><strong>Chairs : Pr. F. <\/strong><strong>Ouasmani, Pr. H. Sedrati<\/strong><\/td>\n<\/tr>\n<tr>\n<td width=\"142\"><strong>11.00 &#8211; 12.30<\/strong><\/td>\n<td width=\"559\"><strong>PS 3 : Chairs : Pr. N. Kharmoum\/ Pr. A. Bougdira \/ Pr. H. Abid<\/strong><\/td>\n<\/tr>\n<tr>\n<td width=\"142\"><\/td>\n<td width=\"559\"><strong>Specific Digital Health Applications for nursing<\/strong><\/td>\n<\/tr>\n<tr>\n<td width=\"142\"><strong>11.00<\/strong><\/td>\n<td width=\"559\"><strong>OC13: Issam El Kouarty: <\/strong>Criteria for Digital Health Tools used in Healthcare Providers<\/td>\n<\/tr>\n<tr>\n<td width=\"142\"><strong>11.15<\/strong><\/td>\n<td width=\"559\"><strong>OC14: Youness Azemmour: <\/strong>A Mobile App Promoting Physical Activity Among Cancer Patients<\/td>\n<\/tr>\n<tr>\n<td width=\"142\"><strong>11.30<\/strong><\/td>\n<td width=\"559\"><strong>OC15: Chourite Chaimaa<\/strong>: Integration of Digital Technologies in Cancer Care<\/td>\n<\/tr>\n<tr>\n<td width=\"142\"><strong>11.45<\/strong><\/td>\n<td width=\"559\"><strong>OC16: Mohammed El Bakri<\/strong>: ePROs Enhance Symptom Management in Oncology Care<\/td>\n<\/tr>\n<tr>\n<td width=\"142\"><strong>12.00<\/strong><\/td>\n<td width=\"559\"><strong>OC17: Amina Elghazi<\/strong>: AI for Diagnosing Kidney Cancer in the Moroccan Healthcare Context<\/td>\n<\/tr>\n<tr>\n<td width=\"142\"><strong>12.15<\/strong><\/td>\n<td width=\"559\"><strong>OC18: Zineb Safi-Eddine<\/strong>: A Mobile App for Orthodontic Treatment Monitoring<\/td>\n<\/tr>\n<tr>\n<td width=\"142\"><strong>12.30<\/strong><\/td>\n<td width=\"559\"><strong>OC19: Nihal Habib<\/strong>: Empowering Tele-Nursing via HER-Omics<\/td>\n<\/tr>\n<tr>\n<td width=\"142\"><strong>11.00 &#8211; 12.30<\/strong><\/td>\n<td width=\"559\"><strong>PS 4 : Chairs : Pr. O. Khaldouni\/ Pr. M. Laatifi \/Pr. S. Hamdi<\/strong><\/td>\n<\/tr>\n<tr>\n<td width=\"142\"><\/td>\n<td width=\"559\"><strong>Policy, Ethics, and Human Factors in digital nursing<\/strong><\/td>\n<\/tr>\n<tr>\n<td width=\"142\"><strong>11.00<\/strong><\/td>\n<td width=\"559\"><strong>OC20: Badinini Youssef: <\/strong>Legal Framework for Telemedicine in Morocco<\/td>\n<\/tr>\n<tr>\n<td width=\"142\"><strong>11.15<\/strong><\/td>\n<td width=\"559\"><strong>OC21: Lamia Ouzren<\/strong>: Nurses&#8217; Perceptions and Knowledge of Telenursing<\/p>\n<p>in Rabat\u2019s Primary Healthcare<\/td>\n<\/tr>\n<tr>\n<td width=\"142\"><strong>11.30<\/strong><\/td>\n<td width=\"559\"><strong>OC22: Mustapha Jaa: <\/strong>Legal and Ethical Considerations Surrounding the Practice of Telenursing<\/td>\n<\/tr>\n<tr>\n<td width=\"142\"><strong>11.45<\/strong><\/td>\n<td width=\"559\"><strong>OC23: Sofia El Yahyaoui<\/strong>: Legal, Ethical, and Financial Challenges to Establishing Sustainable Telenursing<\/td>\n<\/tr>\n<tr>\n<td width=\"142\"><strong>12.00<\/strong><\/td>\n<td width=\"559\"><strong>OC24: Hayat Bouighajd: <\/strong>Tele-nursing Practice in Neurorehabilitation and Neurosurgical Rehabilitation<\/td>\n<\/tr>\n<tr>\n<td width=\"142\"><strong>12.30 \u2013 13.00<\/strong><\/td>\n<td width=\"559\"><strong>Closing Session : Chairs : Pr. N. Zaid\/ Pr. H. Ghazal\/ Pr. H. Chatoui\/ Pr. B. Himmi \/ Pr. N. Al Idrissi<\/strong><\/td>\n<\/tr>\n<tr>\n<td width=\"142\"><strong>13.00 \u2013 13.20<\/strong><\/td>\n<td width=\"559\"><strong>KS11: Pr. Francesco Sicurello<\/strong>: Biosensors, IOT and Telemonitoring: Role of nurses<\/td>\n<\/tr>\n<tr>\n<td width=\"142\"><strong>13:20 \u2013 13.30<\/strong><\/td>\n<td width=\"559\"><strong>Closing Ceremony: General Discussion and Recommendations<\/strong><\/td>\n<\/tr>\n<tr>\n<td width=\"142\"><strong>13.30<\/strong><\/td>\n<td width=\"559\"><strong>End of the Conference \u2013 Certificates and Awards<\/strong><\/td>\n<\/tr>\n<\/tbody>\n<\/table>\n","protected":false},"excerpt":{"rendered":"<p>April 24-26, 2025 THURSDAY, April 24, 2025 08.30 Welcome and Registration Morning Master Class (MC) 10.00 &#8211; 12.30 MC I: Metaverse for Nursing Training Chair : Pr. N. Al Idrissi\/ Dr. M. Mghari (EngiMA) 13.00 &#8211; 14h30 MC II: Artificial Intelligence for Nursing Chair : Pr. H. Sedrati \/ A. Azami Idrissi Afternoon Master Class &hellip; <\/p>\n","protected":false},"author":1,"featured_media":0,"parent":0,"menu_order":0,"comment_status":"closed","ping_status":"closed","template":"","meta":{"footnotes":""},"class_list":["post-67","page","type-page","status-publish","hentry"],"_links":{"self":[{"href":"https:\/\/www.msfteh.org\/nursinfor25\/wp-json\/wp\/v2\/pages\/67","targetHints":{"allow":["GET"]}}],"collection":[{"href":"https:\/\/www.msfteh.org\/nursinfor25\/wp-json\/wp\/v2\/pages"}],"about":[{"href":"https:\/\/www.msfteh.org\/nursinfor25\/wp-json\/wp\/v2\/types\/page"}],"author":[{"embeddable":true,"href":"https:\/\/www.msfteh.org\/nursinfor25\/wp-json\/wp\/v2\/users\/1"}],"replies":[{"embeddable":true,"href":"https:\/\/www.msfteh.org\/nursinfor25\/wp-json\/wp\/v2\/comments?post=67"}],"version-history":[{"count":10,"href":"https:\/\/www.msfteh.org\/nursinfor25\/wp-json\/wp\/v2\/pages\/67\/revisions"}],"predecessor-version":[{"id":438,"href":"https:\/\/www.msfteh.org\/nursinfor25\/wp-json\/wp\/v2\/pages\/67\/revisions\/438"}],"wp:attachment":[{"href":"https:\/\/www.msfteh.org\/nursinfor25\/wp-json\/wp\/v2\/media?parent=67"}],"curies":[{"name":"wp","href":"https:\/\/api.w.org\/{rel}","templated":true}]}}